hundred thousands digit of 29952008?
9
What is the units digit of 11280826?
6
What is the hundred thousands digit of 575098061?
0
What is the millions digit of 100950909?
0
What is the ten millions digit of 6980649946?
8
What is the tens digit of 1423339695?
9
What is the thousands digit of 17360729?
0
What is the hundred thousands digit of 167595562?
5
What is the hundred thousands digit of 326066444?
0
What is the ten millions digit of 83390264?
8
What is the ten thousands digit of 857501918?
0
What is the units digit of 522067253?
3
What is the millions digit of 105056199?
5
What is the thousands digit of 75477593?
7
What is the hundreds digit of 85031024?
0
What is the millions digit of 487192562?
7
What is the tens digit of 1890118795?
9
What is the ten millions digit of 21363453?
2
What is the units digit of 195428798?
8
What is the millions digit of 64630668?
4
What is the ten thousands digit of 3694157472?
5
What is the units digit of 32737843?
3
What is the ten millions digit of 2098393949?
9
What is the ten millions digit of 39432265?
3
What is the hundred thousands digit of 41479640?
4
What is the units digit of 34007983?
3
What is the thousands digit of 735003877?
3
What is the hundred thousands digit of 16620749?
6
What is the millions digit of 1510805204?
0
What is the tens digit of 1815111142?
4
What is the ten thousands digit of 118001671?
0
What is the millions digit of 47838554?
7
What is the tens digit of 3656771257?
5
What is the units digit of 430298083?
3
What is the hundreds digit of 2421448461?
4
What is the millions digit of 5424271?
5
What is the hundred thousands digit of 589240239?
2
What is the millions digit of 487213673?
7
What is the hundred thousands digit of 329058463?
0
What is the tens digit of 170198749?
4
What is the ten thousands digit of 4403804299?
0
What is the ten thousands digit of 45489651?
8
What is the millions digit of 1314387763?
4
What is the thousands digit of 33999094?
9
What is the hundred thousands digit of 83714816?
7
What is the tens digit of 278395369?
6
What is the millions digit of 101696882?
1
What is the ten millions digit of 336337375?
3
What is the millions digit of 1163256626?
3
What is the millions digit of 1646034818?
6
What is the ten thousands digit of 96881096?
8
What is the billions digit of 2711195700?
2
What is the ten thousands digit of 2402228929?
2
What is the millions digit of 40816366?
0
What is the units digit of 553629175?
5
What is the ten millions digit of 13759504?
1
What is the hundred thousands digit of 153928265?
9
What is the millions digit of 418808475?
8
What is the hundred millions digit of 3419777969?
4
What is the ten thousands digit of 409654986?
5
What is the units digit of 178673335?
5
What is the hundred thousands digit of 38800405?
8
What is the ten millions digit of 1881541244?
8
What is the ten millions digit of 351531495?
5
What is the tens digit of 159308465?
6
What is the hundred millions digit of 1321015511?
3
What is the thousands digit of 119160437?
0
What is the hundred thousands digit of 2853317903?
3
What is the millions digit of 304814017?
4
What is the hundreds digit of 4048960825?
8
What is the ten millions digit of 108609289?
0
What is the ten thousands digit of 443657707?
5
What is the hundreds digit of 705705464?
4
What is the ten millions digit of 12090982?
1
What is the ten millions digit of 122371754?
2
What is the ten millions digit of 34332921?
3
What is the units digit of 218149315?
5
What is the millions digit of 1274336150?
4
What is the thousands digit of 3535963302?
3
What is the ten thousands digit of 1514593609?
9
What is the units digit of 199759257?
7
What is the tens digit of 2164489503?
0
What is the ten thousands digit of 4249020720?
2
What is the hundreds digit of 63737719?
7
What is the hundred thousands digit of 303767058?
7
What is the millions digit of 2329932748?
9
What is the millions digit of 60341971?
0
What is the hundreds digit of 165569831?
8
What is the thousands digit of 107661618?
1
What is the tens digit of 1126266079?
7
What is the ten thousands digit of 1522304385?
0
What is the millions digit of 1820434094?
0
What is the hundreds digit of 2081300368?
3
What is the tens digit of 67749593?
9
What is the hundred thousands digit of 2298440642?
4
What is the hundred thousands digit of 168867815?
8
What is the hundred thousands digit of 9702966?
7
What is the ten thousands digit of 171475496?
7
What is the ten millions digit of 55458081?
5
What is the thousands digit of 75998785?
8
What is the tens digit of 2005871361?
6
What is the millions digit of 256555149?
6
What is the ten thousands digit of 24415452?
1
What is the thousands digit of 166418061?
8
What is the ten thousands digit of 102549677?
4
What is the hundreds digit of 6398979?
9
What is the units digit of 89442681?
1
What is the ten millions digit of 1291473521?
9
What is the thousands digit of 79379147?
9
What is the ten thousands digit of 327527815?
2
What is the ten millions digit of 19602433?
1
What is the thousands digit of 904850643?
0
What is the hundreds digit of 5053398831?
8
What is the units digit of 1723633015?
5
What is the units digit of 1295949757?
7
What is the millions digit of 251755890?
1
What is the hundreds digit of 990210265?
2
What is the units digit of 40860419?
9
What is the ten thousands digit of 63244074?
4
What is the ten thousands digit of 285631916?
3
What is the thousands digit of 71612581?
2
What is the hundreds digit of 105064824?
8
What is the units digit of 8167347?
7
What is the thousands digit of 1635017925?
7
What is the tens digit of 460360312?
1
What is the units digit of 382289079?
9
What is the hundreds digit of 134443856?
8
What is the hundreds digit of 1544429030?
0
What is the ten millions digit of 2755570553?
5
What is the tens digit of 157582819?
1
What is the billions digit of 1322269282?
1
What is the thousands digit of 19500662?
0
What is the hundred millions digit of 391028645?
3
What is the hundred thousands digit of 1754316512?
3
What is the hundred thousands digit of 668601002?
6
What is the hundred thousands digit of 100448096?
4
What is the units digit of 97316359?
9
What is the units digit of 6678797354?
4
What is the tens digit of 2337353956?
5
What is the ten thousands digit of 1061096490?
9
What is the hundred thousands digit of 1159786380?
7
What is the ten thousands digit of 1202103575?
0
What is the thousands digit of 129266555?
6
What is the hundreds digit of 301557900?
9
What is the tens digit of 5899761533?
3
What is the ten millions digit of 88255629?
8
What is the millions digit of 8924812?
8
What is the ten thousands digit of 80811644?
1
What is the thousands digit of 234661768?
1
What is the thousands digit of 33599674?
9
What is the billions digit of 1008997303?
1
What is the hundred thousands digit of 56593498?
5
What is the hundreds digit of 4047279?
2
What is the tens digit of 176999725?
2
What is the ten millions digit of 2669459518?
6
What is the ten millions digit of 972126554?
7
What is the hundreds digit of 647045228?
2
What is the hundred millions digit of 212637317?
2
What is the thousands digit of 12704792?
4
What is the units digit of 2885695555?
5
What is the hundreds digit of 33546781?
7
What is the ten millions digit of 1906406444?
0
What is the units digit of 154277409?
9
What is the units digit of 251493077?
7
What is the hundred millions digit of 2153885954?
1
What is the hundred millions digit of 361218751?
3
What is the hundred millions digit of 643752694?
6
What is the thousands digit of 239671784?
1
What is the ten thousands digit of 73347085?
4
What is the units digit of 6174913?
3
What is the ten thousands digit of 812232863?
3
What is the tens digit of 6718818149?
4
What is the hundred millions digit of 9671795378?
6
What is the millions digit of 59861211?
9
What is the units digit of 454279012?
2
What is the tens digit of 522307212?
1
What is the hundred millions digit of 333127180?
3
What is the hundred millions digit of 416226388?
4
What is the hundred millions digit of 3171508327?
1
What is the ten thousands digit of 217441720?
4
What is the millions digit of 612064965?
2
What is the hundreds digit of 59820568?
5
What is the ten thousands 